hat is the units digit of q?
1
Let z(b) = 3*b**2 - 3*b - 4. What is the tens digit of z(4)?
3
What is the tens digit of 16 + (-2 - -1)*-4?
2
Let o(s) = -s. Let a(x) = 16*x - 2. Let u(l) = -a(l) + o(l). What is the tens digit of u(-2)?
3
Suppose -6*f + 11*f - 180 = 0. What is the units digit of f?
6
Let m(j) = 24*j**2 - 3*j + 2. What is the units digit of m(2)?
2
Suppose -3*h + 41 = 5. Suppose -2*b + h = 3*p - 0*p, -p - 1 = -b. What is the units digit of b?
3
Suppose 0 = -4*a - 1 + 21. Suppose -3*i - u = -7, -3*i + a*u + 0*u + 37 = 0. Suppose -i*j - 12 = 0, -2*j + 7*j = -4*k + 73. What is the tens digit of k?
2
Suppose -5*s + v = -4*v - 40, -3*v - 18 = -2*s. Suppose -s*x = -x - 70. What is the tens digit of x?
1
Let k(p) = -p**3 + 7*p**2 + 3*p - 9. Let v be k(7). Suppose z + 2*z = -v. Let i(l) = -l - 2. What is the units digit of i(z)?
2
Suppose -3*f + 4 = -3*t + 1, 2 = -4*f + 2*t. Let j(b) = -b**3 + 7*b**2 - 9*b + 9. Let a be j(6). Let w = f - a. What is the units digit of w?
7
Suppose -l - q = -0*l - 194, -q - 570 = -3*l. What is the units digit of l?
1
Let j(h) be the third derivative of h**4/6 - 2*h**3 - h**2. What is the tens digit of j(10)?
2
Let v = 220 + -26. What is the hundreds digit of v?
1
Let c(w) = -w**2 + 11*w + 16. What is the tens digit of c(11)?
1
Let c = 24 - 3. What is the units digit of c?
1
What is the hundreds digit of (-3531)/(-18) - (-1)/(-6)?
1
Suppose -y + 32 = 2*p, 0 = -p + 4*p - 3*y - 48. Suppose 0*v - 2*v = -p. What is the units digit of v?
8
What is the units digit of 8 - (-5)/(10/(-4))?
6
Suppose -5*v + 22 + 3 = 3*j, -2*j + 15 = 5*v. What is the units digit of (j/(-4))/((-2)/4)?
5
Let y(c) = 2*c + 5. Let f be y(-5). Let k = -3 - f. What is the units digit of k?
2
Suppose 5*p = 4*t + 10 - 1, 4*t = 2*p - 6. Suppose 2*a + 0 = 14. Suppose -p = r - a. What is the units digit of r?
6
Let m = 1 + 3. What is the tens digit of m/(12/33) + 2?
1
Let k be (6/15)/((-2)/(-5)). Let o be -1*(-2 - -1) - k. Let f = 10 + o. What is the units digit of f?
0
Let z be 2 + 4/(8/6). Let p(r) = -r**3 + 5*r**2 + 2*r - 6. Let q be p(z). Let k = 3 + q. What is the units digit of k?
7
Let y(i) = 2*i**2 - 2*i + 2. What is the units digit of y(5)?
2
Let w be -2*(-1)/(-2)*20. Let x = 39 + w. What is the tens digit of x?
1
Let j = 192 + -122. What is the units digit of j?
0
Let c(r) = -191*r + 11. What is the tens digit of c(-1)?
0
Let n = -32 - -60. What is the tens digit of n?
2
Let a(x) = x**3 - 13*x**2 + 24*x - 2. What is the units digit of a(11)?
0
Let d(j) = 2*j**2 - 4. What is the units digit of d(3)?
4
Suppose -3*b = 6*b - 549. What is the units digit of b?
1
Suppose 2*q = 3*g - 6 + 1, -8 = -4*q. Let p = 4 + 1. Suppose p*u - 9 = 4*d - 33, -5*d - g*u + 67 = 0. What is the tens digit of d?
1
Suppose -5*i - 437 = -2*u, -4*i - 693 = -3*u - 27. What is the tens digit of u?
2
Suppose -3*q - 133 = 2*p, -p = -4*p + 12. What is the units digit of 8/48 + q/(-6)?
8
Suppose 171 = 4*o - 53. What is the tens digit of o?
5
Let p = -137 - -142. What is the units digit of p?
5
Let h = -16 - -36. What is the tens digit of h?
2
Suppose -2*i = -q + 100 - 41, -3*q + 4*i = -179. What is the units digit of q?
1
What is the units digit of 2/(-6)*3 + 50?
9
What is the tens digit of 0/3*1 - -53?
5
Suppose -38 = z - 3*z. What is the tens digit of z?
1
Let x(j) = -j**2 - 19*j - 14. Let u be x(-18). Suppose 3*m - 70 = -z - 4*z, u*m - 95 = -5*z. What is the tens digit of m?
2
What is the tens digit of ((-442)/(-65))/((-1)/(-5))?
3
Let s(r) = r**3 - r**2 - r - 20. Let y be s(0). Let w = y - -49. What is the units digit of w?
9
What is the units digit of (-1 + 4 - 29)/(-1)?
6
Suppose -904 = -4*g - 236. What is the tens digit of g?
6
Suppose 22 = 4*k + r + 6, 2*k + 5*r = -10. Suppose 2*u - 3*t - k = 0, -2*u - 2*t = -3*t - 11. What is the units digit of u?
7
Suppose -14 = b + b. Let t(u) = -4 - 6 - 9*u + 5 - u**2. What is the units digit of t(b)?
9
Suppose -8*v + 3*v = 100. Suppose 3*x + 3 = 2*x. Let z = x - v. What is the units digit of z?
7
Let k = -7 - -4. What is the units digit of 18/27 + (-46)/k?
6
Suppose g = 2*m + 18 + 15, -2*m + 142 = 4*g. What is the tens digit of g?
3
Let h(r) = r**3 - 23*r**2 + 39*r + 30. What is the units digit of h(22)?
4
What is the tens digit of (36/10)/((-18)/(-675))?
3
Let n(d) = -14*d**3 - d**2 + d - 1. Let z be n(1). Let w be 32/6 + (-10)/z. Let q = 1 + w. What is the units digit of q?
7
Suppose 3*z = -3*q + 15, -q + 17 = 7*z - 2*z. Suppose z*g + d - 61 + 3 = 0, 5*g - 4*d - 108 = 0. What is the tens digit of g?
2
Suppose 3*r + 4*r = 266. What is the tens digit of r?
3
Let c(z) = 2*z**2 - 5*z - 2. Let v be c(6). What is the tens digit of 925/v - (-2)/(-16)?
2
Let y be (2 - 0) + -3 + -1. Let k(z) = -z**3 - 2*z**2. Let v be k(y). Suppose -n = 2*d - 10, 2*n - 8 = 2*d - v*d. What is the units digit of n?
6
Let x(m) = 1 + 0*m**2 - 7*m + m**2 + 0*m**2 - 5. What is the tens digit of x(9)?
1
Let x(t) = -t**3 + 4*t**2 + t - 4. Let b be x(3). Let o = 15 - b. What is the units digit of o?
7
Let q(x) = -5*x**3 + 2*x**2 - 4*x - 6. Let p(i) = i**3 + i**2 - i + 1. Let u(t) = 6*p(t) + q(t). What is the units digit of u(-9)?
9
Suppose -3*v + 76 = -344. What is the tens digit of v?
4
What is the tens digit of 246/12 + (-3)/2?
1
Suppose -5*g - 347 = -3*v, 4*v - 68 = -2*g + 412. What is the tens digit of v?
1
Let d(r) = 2*r - r**2 + 3*r**2 - 7*r. What is the tens digit of d(4)?
1
Let d(s) be the third derivative of s**5/60 - 7*s**4/24 + s**3/6 + 8*s**2. What is the tens digit of d(10)?
3
Suppose -4*y - 8 = -5*b, -b = b - 8. Suppose -17 = -p + y. Let m = p - 10. What is the units digit of m?
0
Let h(l) = -2*l + 2. Let u(w) = -w - 1. Let d(t) = -h(t) - 2*u(t). What is the units digit of d(1)?
4
Let k be (-63)/(-5) - 6/(-15). Let m(t) = t**2 + 3*t + 5. Let p be m(-4). Let h = k - p. What is the units digit of h?
4
Suppose -p = 0, -4*p + 7 = 3*d + 61. Let b(a) = -2*a**2 - a + 2. Let s be b(4). Let w = d - s. What is the units digit of w?
6
Suppose v = 40 - 5. What is the tens digit of v?
3
Let g = -10 - -13. Suppose 2*c = -0*f + g*f + 32, -4*c = -2*f - 48. What is the tens digit of c?
1
Suppose -3*w = -0*u - u + 3, -2*w + 6 = -2*u. Let c = 9 + u. Suppose -2*r = -r - q - 2, 5*r - c*q = 20. What is the units digit of r?
7
Let z(h) = 17*h**2. Suppose -2*a - 27 = -5*l - a, -5*l + 15 = -5*a. Let k = l - 7. What is the tens digit of z(k)?
1
What is the units digit of (-1)/((4 - 2 - -1) + -4)?
1
Suppose 5*t - 3*o - 19 = 5, 0 = 5*t - o - 28. What is the units digit of t?
6
Let w(p) = 3*p**2 + p - 1. Let i be w(1). Suppose 0 = i*r - 10 - 23. What is the units digit of 6/(-33) + 13/r?
1
Let l(p) = -p**3 - 5*p**2 - 5*p + 2. What is the units digit of l(-6)?
8
Let x be (-1)/(-4) - (-365)/(-20). Let o = -4 - x. What is the units digit of o?
4
Let w(g) = 2*g**2 + 3. Let a be w(4). Let n = a + -14. What is the tens digit of n?
2
Let l = 8 + -22. Let h = 6 + l. Let q = -2 - h. What is the units digit of q?
6
Suppose -z = z + 3*b + 1, 32 = 5*z - 4*b. Suppose -2*x - 54 = -z*x. What is the units digit of x?
7
Suppose -2*w - 2*w - 68 = -2*v, 4*v = -5*w + 136. What is the units digit of v?
4
What is the units digit of 2*(4 - 6) - -17?
3
Suppose 0 = -3*x + 10 + 65. Suppose 0 = 2*f + f + 4*m - 31, f - x = -5*m. Suppose -a = f*g - 44, 5*a = 16 + 4. What is the units digit of g?
8
Suppose -4*l + 668 = -4*k, 5*l + 0*k + 3*k - 811 = 0. Let v = l - 114. What is the tens digit of v?
5
Let q(p) = -p + 2. Let y be q(0). Suppose -y*b = -0*b - 28. What is the tens digit of b?
1
Suppose -3*k + 3*m = -6, m + 8 = k + 6*m. Suppose 15 = 2*o + k*o. What is the units digit of o?
3
Let p(d) = d**2 + 6*d - 5. Let n be p(-7). What is the units digit of (3/6)/(n/44)?
1
Suppose 2*d - 3*u = -6*u + 15, -5*d = -3*u + 15. Suppose 0*c = c + 2*i + 12, -c + 3*i + 13 = d. Let p = c + 8. What is the units digit of p?
6
Suppose -a = -3*a + 4*t + 108, -4*a - t = -225. What is the tens digit of a?
5
Let p be (18/54)/((-1)/(-6)). Suppose -5*y = p - 17. What is the units digit of y?
3
Let q(f) = f**3 + f**2 - 3*f - 4. What is the units digit of q(4)?
4
Let a(x) = 2*x - 7. Let c be a(5). Suppose m + c*m = 12. What is the units digit of m?
3
Let j be (-32)/(-6) - (-1)/(-3). Suppose j*h - 2*h = -594. What is the uni